hat is the remainder when 463310 is divided by 60?
50
What is the remainder when 63298 is divided by 2877?
4
Calculate the remainder when 25751 is divided by 213.
191
Calculate the remainder when 37908 is divided by 7579.
13
Calculate the remainder when 3469015 is divided by 716.
711
Calculate the remainder when 36981 is divided by 82.
81
Calculate the remainder when 89883 is divided by 101.
94
What is the remainder when 37107 is divided by 538?
523
What is the remainder when 121598 is divided by 452?
10
What is the remainder when 1390 is divided by 95?
60
What is the remainder when 2449 is divided by 2428?
21
Calculate the remainder when 3021 is divided by 189.
186
Calculate the remainder when 29999 is divided by 160.
79
Calculate the remainder when 1922319 is divided by 281.
279
What is the remainder when 116758 is divided by 21?
19
Calculate the remainder when 530 is divided by 458.
72
What is the remainder when 8238 is divided by 2230?
1548
Calculate the remainder when 13572 is divided by 1221.
141
Calculate the remainder when 2183 is divided by 592.
407
Calculate the remainder when 730 is divided by 402.
328
What is the remainder when 904588 is divided by 1246?
1238
Calculate the remainder when 4065 is divided by 35.
5
What is the remainder when 115963 is divided by 212?
211
What is the remainder when 203756 is divided by 39?
20
Calculate the remainder when 5911 is divided by 667.
575
Calculate the remainder when 3194 is divided by 19.
2
What is the remainder when 42662 is divided by 4?
2
Calculate the remainder when 2430 is divided by 304.
302
Calculate the remainder when 5258 is divided by 275.
33
Calculate the remainder when 6792 is divided by 59.
7
What is the remainder when 80905 is divided by 226?
223
Calculate the remainder when 3290 is divided by 997.
299
Calculate the remainder when 65816 is divided by 21913.
77
What is the remainder when 25207 is divided by 12602?
3
Calculate the remainder when 4543 is divided by 345.
58
What is the remainder when 1477 is divided by 19?
14
Calculate the remainder when 213585 is divided by 209.
196
What is the remainder when 3729 is divided by 810?
489
Calculate the remainder when 9744 is divided by 4868.
8
What is the remainder when 5928 is divided by 11?
10
Calculate the remainder when 24830 is divided by 41.
25
What is the remainder when 410 is divided by 384?
26
What is the remainder when 2061 is divided by 913?
235
Calculate the remainder when 649641 is divided by 129.
126
What is the remainder when 198248 is divided by 130?
128
What is the remainder when 123308 is divided by 45?
8
What is the remainder when 2680 is divided by 112?
104
Calculate the remainder when 1328 is divided by 694.
634
What is the remainder when 749 is divided by 698?
51
What is the remainder when 2155 is divided by 541?
532
What is the remainder when 19931 is divided by 9950?
31
What is the remainder when 377260 is divided by 94308?
28
Calculate the remainder when 2159 is divided by 891.
377
Calculate the remainder when 13632 is divided by 36.
24
What is the remainder when 3159 is divided by 125?
34
Calculate the remainder when 1168359 is divided by 39.
36
Calculate the remainder when 287 is divided by 95.
2
What is the remainder when 29065 is divided by 294?
253
Calculate the remainder when 1595 is divided by 718.
159
What is the remainder when 331479 is divided by 32?
23
Calculate the remainder when 817936 is divided by 142.
16
What is the remainder when 1464 is divided by 380?
324
Calculate the remainder when 9666 is divided by 4007.
1652
What is the remainder when 3425176 is divided by 53?
51
What is the remainder when 2859 is divided by 912?
123
What is the remainder when 16760 is divided by 399?
2
What is the remainder when 22404 is divided by 802?
750
Calculate the remainder when 162923 is divided by 579.
224
Calculate the remainder when 553 is divided by 43.
37
What is the remainder when 41301 is divided by 3441?
9
Calculate the remainder when 25122 is divided by 25109.
13
Calculate the remainder when 1210 is divided by 422.
366
What is the remainder when 229533 is divided by 201?
192
Calculate the remainder when 8197 is divided by 2035.
57
Calculate the remainder when 4098920 is divided by 324.
320
Calculate the remainder when 21741 is divided by 4348.
1
What is the remainder when 96382 is divided by 37?
34
What is the remainder when 9917 is divided by 255?
227
Calculate the remainder when 12873 is divided by 12846.
27
Calculate the remainder when 6213 is divided by 39.
12
What is the remainder when 158493 is divided by 1289?
1235
Calculate the remainder when 12547 is divided by 127.
101
Calculate the remainder when 1054 is divided by 410.
234
What is the remainder when 26760 is divided by 959?
867
What is the remainder when 51273 is divided by 513?
486
Calculate the remainder when 7219 is divided by 7218.
1
What is the remainder when 12771 is divided by 1277?
1
Calculate the remainder when 12035 is divided by 1461.
347
What is the remainder when 5176 is divided by 37?
33
What is the remainder when 6969 is divided by 433?
41
Calculate the remainder when 1767 is divided by 110.
7
Calculate the remainder when 145797 is divided by 486.
483
What is the remainder when 153 is divided by 10?
3
Calculate the remainder when 2093798 is divided by 200.
198
What is the remainder when 22928 is divided by 11461?
6
What is the remainder when 83069 is divided by 15?
14
What is the remainder when 482857 is divided by 482851?
6
What is the remainder when 62586 is divided by 659?
640
What is the remainder when 24084 is divided by 31?
28
What is the remainder when 272042 is divided by 38857?
43
What is the remainder when 328 is divided by 75?
28
Calculate the remainder when 16377 is divided by 3266.
47
Calculate the remainder when 206889 is divided by 14.
11
Calculate the remainder when 5373 is divided by 330.
93
What is the remainder when 4142 is divided by 241?
45
Calculate the remainder when 68380 is divided by 161.
116
Calculate the remainder when 45085 is divided by 11257.
57
What is the remainder when 9695 is divided by 3070?
485
Calculate the remainder when 149926 is divided by 993.
976
Calculate the remainder when 762462 is divided by 14386.
4
Calculate the remainder when 861 is divided by 142.
9
Calculate the remainder when 20208 is divided by 31.
27
Calculate the remainder when 7796 is divided by 1522.
186
What is the remainder when 6933 is divided by 882?
759
What is the remainder when 11960 is divided by 783?
215
Calculate the remainder when 105799 is divided by 184.
183
Calculate the remainder when 581571 is divided by 193853.
12
Calculate the remainder when 95772 is divided by 15.
12
Calculate the remainder when 2564 is divided by 228.
56
What is the remainder when 547 is divided by 96?
67
What is the remainder when 22945 is divided by 2085?
10
What is the remainder when 7071 is divided by 3321?
429
What is the remainder when 42928 is divided by 90?
88
What is the remainder when 714111 is divided by 18?
15
What is the remainder when 922529 is divided by 157?
154
Calculate the remainder when 214277 is divided by 28.
21
Calculate the remainder when 122427 is divided by 76.
67
Calculate the remainder when 6501 is divided by 499.
14
What is the remainder when 2756 is divided by 162?
2
Calculate the remainder when 8742 is divided by 491.
395
Calculate the remainder when 7486994 is divided by 31.
29
What is the remainder when 43630 is divided by 216?
214
What is the remainder when 4551 is divided by 901?
46
What is the remainder when 199969 is divided by 475?
469
What is the remainder when 14931 is divided by 495?
81
What is the remainder when 5251 is divided by 924?
631
What is the remainder when 2352 is divided by 2349?
3
Calculate the remainder when 3769 is divided by 97.
83
Calculate the remainder when 170443 is divided by 13110.
13
Calculate the remainder when 515567 is divided by 217.
192
Calculate the remainder when 4209 is divided by 1668.
873
Calculate the remainder when 7735 is divided by 646.
629
What is the remainder when 3915 is divided by 171?
153
What is the remainder when 4259 is divided by 2036?
187
Calculate the remainder when 906 is divided by 302.
0
What is the remainder when 5498 is divided by 1